 + 43. What is the greatest common factor of b and 48?
16
Let v be 20/6*(-18)/(-12). Calculate the greatest common factor of 35 and v.
5
Let v be 45 + (-2 - 0/(-1)). Let c = -14 + v. Let i = 10 + c. What is the greatest common divisor of i and 13?
13
Let w(i) = 3*i + 11. Let g be w(8). Suppose 0 = 4*y - 0*d - d - 8, 5*y - g = -5*d. Calculate the highest common divisor of 9 and y.
3
Suppose -65 = -3*l - 0*l - 4*n, 0 = 3*l + n - 50. Suppose -2*o = 3*q - 231, 0 = -4*q - 2*o + 374 - 68. What is the greatest common factor of q and l?
15
Let v = 54 - 45. Calculate the greatest common divisor of 18 and v.
9
Suppose 4*z + m = 336, -2*z + 3*m + 158 = 6*m. Calculate the highest common divisor of 17 and z.
17
Let j(a) be the first derivative of a**4/2 - 4*a**3/3 - a**2/2 + 2*a + 5. Let o be j(3). Calculate the greatest common factor of o and 17.
17
Let t(r) = r**3 - 6*r**2 - 9*r + 10. Suppose 0*m - 21 = -3*m. Let d be t(m). Let c = d - -8. What is the highest common factor of 8 and c?
4
Let l(v) = v**2 + 11*v - 1. Let d be l(-10). Let f(m) = m**3 + 12*m**2 + 10*m + 4. Let k be f(d). What is the highest common divisor of k and 15?
15
Suppose 0 = 2*z + d - 27, -2*z - 17 + 41 = 4*d. What is the highest common divisor of 70 and z?
14
Suppose -3*p = -0*p. Suppose -w - w + 32 = p. Suppose -4*h + 57 = -5*a, 0 = -5*h - 0*h + 5*a + 65. What is the highest common factor of h and w?
8
Suppose 7*v - 910 = -0*v. Calculate the highest common factor of 52 and v.
26
Suppose 4 + 136 = 4*x - 2*i, -13 = -x - 5*i. Calculate the greatest common factor of 11 and x.
11
Let p be (-2 - -1)*-9*1. Let z = 1 - 3. Let w be 12/10*(-60)/z. What is the greatest common factor of p and w?
9
Let j = 3 - 9. Let x be (-2)/((-8)/j)*-2. Let z be 0 - (2 + -1 - 2). What is the highest common divisor of z and x?
1
Suppose c - 10 + 4 = 0. Let w = 96 + -43. Let b = w - 5. What is the greatest common divisor of b and c?
6
Let d(l) = -2 + 1 + 0 - l**2 + 4 - 2*l. Let w be d(-3). Suppose w*m = 3*m - 36. Calculate the highest common divisor of 36 and m.
12
Let f(o) = o**2 + 1. Suppose 0 = 2*i - 4. Let j be f(i). Calculate the highest common factor of 15 and j.
5
Suppose -5*h + 4*g = -439, -h + 31 = -3*g - 48. What is the greatest common factor of h and 13?
13
Suppose -3*d - 129 = -4*q, 3*q - 98 = -0*q + 2*d. Calculate the highest common divisor of q and 90.
18
Let a = 16 - 7. Let b = 11 + -5. What is the greatest common divisor of b and a?
3
Let l be ((-162)/(-36))/(3/8). Calculate the greatest common factor of l and 12.
12
Suppose 3*p + 40 = 13*p. Let o = -2 + 46. What is the greatest common factor of p and o?
4
Suppose 2*s - 34 = 3*h + 6, 3*h + 109 = 5*s. What is the greatest common divisor of 23 and s?
23
Suppose -3*i - w = -161, 3*w + w = 4*i - 188. What is the highest common divisor of 416 and i?
52
Let k be (-70)/(-21)*6/4. Let p(n) = 17*n + 14. Let h be p(k). Calculate the highest common divisor of h and 9.
9
Suppose 22 = 4*c - 42. Suppose -2*f = -2*j - 7*f + c, -2*j + 5*f + 56 = 0. Calculate the highest common divisor of 18 and j.
18
Let s(d) = -8*d + 24. Let u be s(-13). What is the highest common factor of u and 16?
16
Let d(w) = w**3 - 14*w**2 + 3*w - 46. Let s be d(15). What is the highest common factor of s and 28?
28
Suppose -y = -0*y - 2*c - 29, -4*y = 3*c - 160. Let n = y - 26. Calculate the highest common factor of n and 44.
11
Let t be (-2)/(-4) + (-7)/(-2). Let c be -3*(-8)/(-18)*6. Let u be (c/10)/((-4)/30). Calculate the greatest common divisor of t and u.
2
Let n = -25 - -35. What is the greatest common factor of 80 and n?
10
Let p be 0/(-1) + (-144)/(-9). Let l = 56 - 31. Let b = l - p. What is the highest common divisor of 3 and b?
3
Let c(a) = -a - 1. Let p be c(-5). Suppose x = -x + p. Suppose -x*j = -4*j + 22. What is the highest common divisor of 22 and j?
11
Suppose -3*j + 346 = 2*j - s, s + 66 = j. Calculate the highest common factor of 20 and j.
10
Suppose -4*j = -2*j - 108. Let h(t) = 3*t**2 + t. Let u be h(-3). Suppose -5*f - y = 4*y - 10, -2*f + 3*y = -u. What is the highest common divisor of f and j?
6
Let u(c) = -c**3 + 7*c**2 - 2*c + 10. Let z be u(7). Let b be (2/(-2) - z) + -3. Let i be b + -1 + 1 + 24. Calculate the highest common divisor of i and 4.
4
Suppose 18 = 20*n - 17*n. What is the highest common factor of n and 48?
6
Let a(i) = 7*i - 1. Let w be a(6). Let h = w - 25. Calculate the greatest common factor of 8 and h.
8
Let p be (-2)/(2/8*-1). Suppose 28 = 4*i + p. What is the highest common factor of i and 2?
1
Suppose -10 = -2*q + 26. Let l be 4/3*15/10. What is the highest common divisor of q and l?
2
Let p(m) = 4*m**2 - m - 4. Let w be p(-3). Let r = 9 + -9. Suppose -g + 5*o + 20 = 0, 2*g + r*o = 2*o + 16. What is the highest common divisor of g and w?
5
Let b be 9/21 + 190/14. Calculate the highest common factor of b and 70.
14
Let y be ((-1)/2)/((-1)/(-12)). Let n = 18 + y. Let u = 29 - n. Calculate the greatest common factor of u and 153.
17
Let x be 2 + -2 + 3 - 3. Suppose x = -2*v - 2 + 32. What is the highest common factor of v and 6?
3
Let t be 0/((-9)/(-3)) + 0. Suppose t = g + g. Suppose 5*u - 3*u - 2 = g. What is the highest common factor of u and 8?
1
Suppose 0 = -5*j - 31 - 44. Let d be j/(-5) + (-2)/(-2). Suppose 95 = z + d*z - y, -87 = -4*z + 3*y. What is the greatest common divisor of 45 and z?
9
Suppose 3*w + 209 = -2*c + c, 0 = w - 5*c + 59. Let s = 6 - w. What is the highest common factor of s and 15?
15
Let g(z) = -z**2 + 9*z + 6. Let m be g(8). Calculate the highest common divisor of m and 98.
14
Let z be (2 - 10/3)*-12. Suppose 4*o - 31 = -b, -2*o = o + 5*b - 19. Calculate the greatest common divisor of z and o.
8
Let s(g) = 16*g**3 + g**2. Let t be s(1). Let b = 28 - t. Calculate the highest common divisor of 66 and b.
11
Let u = 23 + -20. Suppose -3*s + 15 + 0 = 2*t, -t - 3*s = 0. Let h = t - u. What is the greatest common divisor of h and 30?
6
Suppose 2*r - s = -5*s + 26, -5*r - s = -65. What is the highest common divisor of r and 26?
13
Let c be (0 - 3)/((-2)/66). Suppose -2*x - 2 = -5*j - 6, 0 = 2*x + 4*j - 4. Suppose 8 - 26 = -x*f. What is the greatest common factor of c and f?
9
Let z(o) = o**2 - 6*o - 8. Let l be z(8). Let k = 31 + -11. Calculate the highest common divisor of l and k.
4
Suppose 6*r - 48 = r - g, r - 12 = g. Calculate the greatest common factor of r and 20.
10
Suppose -2*r + 138 = -0*r. Suppose 3*z - 43 = -2*k, 0*z + 2*k - r = -5*z. What is the highest common divisor of 104 and z?
13
Let p(d) = 28*d - 4. Let y be p(-4). Let z = -56 - y. Calculate the greatest common divisor of z and 15.
15
Suppose -2*v = -i + 2, 5*i + 5*v - 47 = i. Calculate the highest common divisor of 40 and i.
8
Suppose -9*h + 159 - 15 = 0. What is the greatest common divisor of 144 and h?
16
Let h be (-27)/(-63) + (-53)/(-7). Calculate the highest common divisor of 80 and h.
8
Let n(u) = -u**3 - 12*u**2 + 4. Let k be n(-5). Let b = k - -293. Let x = b - 3. Calculate the greatest common factor of 17 and x.
17
Let r = 37 + -21. What is the highest common divisor of r and 128?
16
Suppose 0 = 4*v - v - 69. What is the greatest common divisor of v and 69?
23
Let w be ((-88)/(-6))/(3/9). Calculate the highest common divisor of 22 and w.
22
Let j be 2/5 + 2380/50. What is the greatest common factor of 6 and j?
6
Let x be (2 - (-6)/(-2))*-30. Suppose 28 = 2*n + 3*j + j, -5*n + 3*j = -18. Calculate the greatest common divisor of n and x.
6
Let b(m) = 63*m**3 + 2*m**2 - m. Let u be b(1). Suppose -336 = 19*c - 61*c. Calculate the highest common factor of c and u.
8
Suppose 0 = 4*h + 28 - 140. What is the greatest common divisor of 70 and h?
14
Let t = 0 - -2. Let s be (16/6)/(t/78). Suppose 5*g + j - 92 = 32, -2*j = 4*g - s. Calculate the greatest common factor of 4 and g.
4
Let t = 6 + 2. Let m = -14 + 102. Calculate the greatest common divisor of t and m.
8
Let m(r) = -r**2 + 8*r - 3. Let t be m(7). Suppose 2*l - 5*u = 2, -4*l + u + 2*u = -t. Calculate the greatest common factor of l and 3.
1
Suppose 0 = 3*m + 3*v - 147, -280 = -5*m + 2*v - 0*v. Calculate the highest common divisor of 27 and m.
27
Let w(c) = 1 + c - 6 - 3*c + 9. Let q be w(-3). What is the highest common factor of 70 and q?
10
Let f(d) = -2*d - 6. Let m be f(-4). What is th